{"id":1282,"date":"2026-03-06T13:31:14","date_gmt":"2026-03-06T13:31:14","guid":{"rendered":"https:\/\/isols2026.org\/?page_id=1282"},"modified":"2026-03-23T14:38:34","modified_gmt":"2026-03-23T14:38:34","slug":"fauclty","status":"publish","type":"page","link":"https:\/\/isols2026.org\/index.php\/fauclty\/","title":{"rendered":"Faculty"},"content":{"rendered":"\t\t<div data-elementor-type=\"wp-page\" data-elementor-id=\"1282\" class=\"elementor elementor-1282\" data-elementor-post-type=\"page\">\n\t\t\t\t<div class=\"elementor-element elementor-element-2db0501 e-con-full e-flex e-con e-parent\" data-id=\"2db0501\" data-element_type=\"container\" data-e-type=\"container\">\n\t\t<div class=\"elementor-element elementor-element-589a3db e-con-full e-flex e-con e-child\" data-id=\"589a3db\" data-element_type=\"container\" data-e-type=\"container\" data-settings=\"{&quot;background_background&quot;:&quot;gradient&quot;,&quot;shape_divider_bottom&quot;:&quot;opacity-tilt&quot;}\">\n\t\t\t\t<div class=\"elementor-shape elementor-shape-bottom\" aria-hidden=\"true\" data-negative=\"false\">\n\t\t\t<svg xmlns=\"http:\/\/www.w3.org\/2000\/svg\" viewBox=\"0 0 2600 131.1\" preserveAspectRatio=\"none\">\n\t<path class=\"elementor-shape-fill\" d=\"M0 0L2600 0 2600 69.1 0 0z\"\/>\n\t<path class=\"elementor-shape-fill\" style=\"opacity:0.5\" d=\"M0 0L2600 0 2600 69.1 0 69.1z\"\/>\n\t<path class=\"elementor-shape-fill\" style=\"opacity:0.25\" d=\"M2600 0L0 0 0 130.1 2600 69.1z\"\/>\n<\/svg>\t\t<\/div>\n\t\t\t\t<\/div>\n\t\t\t\t<\/div>\n\t\t<div class=\"elementor-element elementor-element-039093a e-flex e-con-boxed e-con e-parent\" data-id=\"039093a\" data-element_type=\"container\" data-e-type=\"container\">\n\t\t\t\t\t<div class=\"e-con-inner\">\n\t\t\t\t<div class=\"elementor-element elementor-element-ebccf93 elementor-widget elementor-widget-text-editor\" data-id=\"ebccf93\" data-element_type=\"widget\" data-e-type=\"widget\" data-widget_type=\"text-editor.default\">\n\t\t\t\t<div class=\"elementor-widget-container\">\n\t\t\t\t\t\t\t\t\t<p><strong>Manish Agarwal<\/strong> (India)<\/p><p><strong>Rishi Agarwal<\/strong> (India)<\/p><p><strong>Vivek Ajit Singh<\/strong> (Malaysia)<\/p><p><strong>Humaid Al Farii<\/strong> (Oman)<\/p><p><strong>Dimosthenis Andreou<\/strong> (Austria)<\/p><p><strong>Andrea Angelini<\/strong> (Italy)<\/p><p><strong>Luis Alberto Aponte-Tinao<\/strong> (Argentina)<\/p><p><strong>William Aston<\/strong> (United Kingdom)<\/p><p><strong>Thomas Baad-Hansen<\/strong> (Denmark)<\/p><p><strong>Peter Bekkering<\/strong> (The Netherlands)<\/p><p><strong>Ana Cecilia Belzarena<\/strong> (United States)<\/p><p><strong>Joseph Benevenia<\/strong> (United States)<\/p><p><strong>Nicholas Bernthal<\/strong> (United States)<\/p><p><strong>Odion Binitie<\/strong> (United States)<\/p><p><strong>Justin E. Bird<\/strong> (United States)<\/p><p><strong>Michele Boffano<\/strong> (Italy)<\/p><p><strong>Eduardo Botello<\/strong> (Chile)<\/p><p><strong>Rickard Br\u00e5nemark<\/strong> (United States)<\/p><p><strong>Declan Brazil<\/strong> (Australia)<\/p><p><strong>Domenico Andrea Campanacci<\/strong> (Italy)<\/p><p><strong>Laura Campanacci<\/strong> (Italy)<\/p><p><strong>Rodolfo Capanna<\/strong> (Italy)<\/p><p><strong>Lester Chan<\/strong> (Singapore)<\/p><p><strong>Peter Choong<\/strong> (Australia)<\/p><p><strong>C\u0103t\u0103lin C\u00eerstoiu<\/strong> (Romania)<\/p><p><strong>Brooke M. Crawford<\/strong> (United States)<\/p><p><strong>Mehmet Ali Deveci<\/strong> (Turkey)<\/p><p><strong>Claudia Di Bella<\/strong> (Australia)<\/p><p><strong>Davide Donati<\/strong> (Italy)<\/p><p><strong>Jean Philippe Dulude<\/strong> (Australia)<\/p><p><strong>Hans Roland D\u00fcrr<\/strong> (Germany)<\/p><p><strong>Walid Ebeid<\/strong> (Egypt)<\/p><p><strong>Ayman el Masry<\/strong> (Egypt)<\/p><p><strong>Nina Myline Engel<\/strong> (Germany)<\/p><p><strong>Fabrice Fiorenza<\/strong> (France)<\/p><p><strong>James Flint<\/strong> (United States)<\/p><p><strong>Piero Fossati<\/strong> (Austria)<\/p><p><strong>Sarah Freund<\/strong> (Denmark)<\/p><p><strong>Tomohiro Fujiwara<\/strong> (Japan)<\/p><p><strong>Philipp Funovics<\/strong> (Austria)<\/p><p><strong>Sherron Furtado<\/strong> (United Kingdom)<\/p><p><strong>Marcos Galli<\/strong> (Argentina)<\/p><p><strong>Mark C. Gebhardt<\/strong> (United States)<\/p><p><strong>Michelle Ghert<\/strong> (Canada)<\/p><p><strong>Magdalena Maria Gilg<\/strong> (Austria)<\/p><p><strong>Krista Goulding<\/strong> (United States)<\/p><p><strong>Isidre Angel Gr\u00e0cia Alegria<\/strong> (Spain)<\/p><p><strong>Valentin Gruber<\/strong> (Austria)<\/p><p><strong>Ashish Gulia<\/strong> (India)<\/p><p><strong>Wei Guo<\/strong> (China)<\/p><p><strong>Ermias Gizaw Hailemeskel<\/strong> (Ethiopia)<\/p><p><strong>Ilkyu Han<\/strong> (Rep. of Korea)<\/p><p><strong>Jendrik Hardes<\/strong> (Germany)<\/p><p><strong>John Healey<\/strong> (United States)<\/p><p><strong>Eric Henderson<\/strong> (United States)<\/p><p><strong>Thomas Hilton<\/strong> (South Africa)<\/p><p><strong>Gerhard Hobusch<\/strong> (Austria)<\/p><p><strong>Christoph Hofer<\/strong> (Austria)<\/p><p><strong>Anna Hohensteiner<\/strong> (Austria)<\/p><p><strong>Francis John Hornicek<\/strong> (United States)<\/p><p><strong>Matthew Houdek<\/strong> (United States)<\/p><p><strong>Jasminka Igrec<\/strong> (Austria)<\/p><p><strong>Reiko Imai<\/strong> (Japan)<\/p><p><strong>Takuto Itano<\/strong> (Japan)<\/p><p><strong>Shintaro Iwata<\/strong> (Japan)<\/p><p><strong>Reynaldo Jesus-Garcia<\/strong> (Brazil)<\/p><p><strong>Lee Jeys<\/strong> (United Kingdom)<\/p><p><strong>Sophie Joch<\/strong> (Austria)<\/p><p><strong>Luke Johnson<\/strong> (Australia)<\/p><p><strong>Min Wook Joo<\/strong> (Rep. of Korea)<\/p><p><strong>Zeeshan Khan<\/strong> (Pakistan)<\/p><p><strong>Han-Soo Kim<\/strong> (Rep. of Korea)<\/p><p><strong>Daniel Kotrych<\/strong> (Poland)<\/p><p><strong>Rainer Kotz<\/strong> (Austria)<\/p><p><strong>Andreas Krieg<\/strong> (Switzerland)<\/p><p><strong>Vineet Kurisunkal<\/strong> (United Kingdom)<\/p><p><strong>Minna Laitinen<\/strong> (Finland)<\/p><p><strong>Alexander Lazarides<\/strong> (United States)<\/p><p><strong>Francis Young-In Lee<\/strong> (United States)<\/p><p><strong>Burkhard Lehner<\/strong> (Germany)<\/p><p><strong>Andreas Leithner<\/strong> (Austria)<\/p><p><strong>G. Douglas Letson<\/strong> (United States)<\/p><p><strong>Adam Levin<\/strong> (United States)<\/p><p><strong>Valerae O. Lewis<\/strong> (United States)<\/p><p><strong>Haije Liang<\/strong> (China)<\/p><p><strong>Bernadette Liegl-Atzwanger<\/strong> (Austria)<\/p><p><strong>Francisco Linares<\/strong> (Colombia)<\/p><p><strong>Giorge Loria<\/strong> (Georgia)<\/p><p><strong>Santiago Lozano Calderon<\/strong> (United States)<\/p><p><strong>Marco Manfrini<\/strong> (Italy)<\/p><p><strong>Eric Mascard<\/strong> (France)<\/p><p><strong>Karim Masrouha<\/strong> (United States)<\/p><p><strong>Andreas Mavrogenis<\/strong> (Greece)<\/p><p><strong>Nancy Mayo<\/strong> (Canada)<\/p><p><strong>Benjamin Miller<\/strong> (United States)<\/p><p><strong>Nicole Montgomery<\/strong> (United States)<\/p><p><strong>Guy Morris<\/strong> (United Kingdom)<\/p><p><strong>Daniel A. M\u00fcller<\/strong> (Switzerland)<\/p><p><strong>Maya Niethard<\/strong> (Germany)<\/p><p><strong>Xiaohui Niu<\/strong> (China)<\/p><p><strong>Iris N\u00f6bauer<\/strong> (Austria)<\/p><p><strong>Emmy Nyqvist<\/strong> (Australia)<\/p><p><strong>Koichi Ogura<\/strong> (Japan)<\/p><p><strong>Eduardo J. Ortiz-Cruz<\/strong> (Spain)<\/p><p><strong>Toshifumi Ozaki<\/strong> (Japan)<\/p><p><strong>Harzem \u00d6zger<\/strong> (Turkey)<\/p><p><strong>Elisa Pala<\/strong> (Italy)<\/p><p><strong>Panayiotis J. Papagelopoulos<\/strong> (Greece)<\/p><p><strong>Michael Parry<\/strong> (United Kingdom)<\/p><p><strong>Shalin Patel<\/strong> (United States)<\/p><p><strong>Cristian Pauritsch<\/strong> (Austria)<\/p><p><strong>Alex Penny<\/strong> (United States)<\/p><p><strong>Robert Phillips<\/strong> (New Zealand)<\/p><p><strong>Olavo Pires de Camargo<\/strong> (Brazil)<\/p><p><strong>Rando Polland<\/strong> (Guyana)<\/p><p><strong>Rob Pollock<\/strong> (United Kingdom)<\/p><p><strong>Ajay Puri<\/strong> (India)<\/p><p><strong>Stephan Rakete<\/strong> (Germany)<\/p><p><strong>Robert Lawrence Randall<\/strong> (United States)<\/p><p><strong>Kenneth Rankin<\/strong> (United Kingdom)<\/p><p><strong>Vinod Ravi<\/strong> (United States)<\/p><p><strong>Peter Rose<\/strong> (United States)<\/p><p><strong>Philip Rowell<\/strong> (Australia)<\/p><p><strong>Pietro Ruggieri<\/strong> (Italy)<\/p><p><strong>Andrea Sambri<\/strong> (Italy)<\/p><p><strong>Mikel San-Juli\u00e1n<\/strong> (Spain)<\/p><p><strong>Mark Scarborough<\/strong> (United States)<\/p><p><strong>Susanne Scheipl<\/strong> (Austria)<\/p><p><strong>Thomas Schubert<\/strong> (Belgium)<\/p><p><strong>M. Ather Siddiqi<\/strong> (United Kingdom)<\/p><p><strong>Franklin Sim<\/strong> (United States)<\/p><p><strong>Doug Smith<\/strong> (United States)<\/p><p><strong>Maria Anna Smolle<\/strong> (Austria)<\/p><p><strong>Des Soares<\/strong> (Fiji)<\/p><p><strong>Scott Sommerville<\/strong> (Australia)<\/p><p><strong>Mariel Eliana Spense<\/strong> (Argentina)<\/p><p><strong>Eric Staals<\/strong> (Italy)<\/p><p><strong>Nikolaos Stavropoulos<\/strong> (Greece)<\/p><p><strong>Peter Steadman<\/strong> (Australia)<\/p><p><strong>Arne Streitb\u00fcrger<\/strong> (Germany)<\/p><p><strong>Hindiskere Suraj<\/strong> (India)<\/p><p><strong>Saminathan Suresh Nathan<\/strong> (Singapore)<\/p><p><strong>Mikl\u00f3s Szendr\u014di<\/strong> (Hungary)<\/p><p><strong>Joanna Szkandera<\/strong> (Austria)<\/p><p><strong>Xiaodong Tang<\/strong> (China)<\/p><p><strong>Steven Thorpe<\/strong> (United States)<\/p><p><strong>Tomas Tomas<\/strong> (Czech Republic)<\/p><p><strong>Frank Traub<\/strong> (Germany)<\/p><p><strong>Hiroyuki Tsuchiya<\/strong> (Japan)<\/p><p><strong>Per-Ulf Tunn<\/strong> (Germany)<\/p><p><strong>Wakenda Tyler<\/strong> (United States)<\/p><p><strong>Masood Umer<\/strong> (Pakistan)<\/p><p><strong>Paul Unwin<\/strong> (United Kingdom)<\/p><p><strong>Marisa Valentini<\/strong> (Austria)<\/p><p><strong>Michiel van de Sande<\/strong> (The Netherlands)<\/p><p><strong>Lizz van der Heijden<\/strong> (The Netherlands)<\/p><p><strong>Julia von der Linden<\/strong> (Austria)<\/p><p><strong>Oleg Vyrva<\/strong> (Ukraine)<\/p><p><strong>Hazem Wafa<\/strong> (Belgium)<\/p><p><strong>Wan Faisham Nu&#8217;man Wan Ismail<\/strong> (Malaysia)<\/p><p><strong>Yao Weitao<\/strong> (China)<\/p><p><strong>Duncan Whitwell<\/strong> (United Kingdom)<\/p><p><strong>Nadine Williams<\/strong> (United States)<\/p><p><strong>Reinhard Windhager<\/strong> (Austria)<\/p><p><strong>Winfried Winkelmann<\/strong> (Germany)<\/p><p><strong>Kwok Chuen Wong<\/strong> (China)<\/p><p><strong>David Wood<\/strong> (Australia)<\/p><p><strong>Jay Wunder<\/strong> (Canada)<\/p><p><strong>Hairong Xu<\/strong> (China)<\/p><p><strong>Raymond Yau<\/strong> (China)<\/p><p><strong>Tomas Zamora<\/strong> (Chile)<\/p><p><strong>Juan Pablo Zum\u00e1rraga <\/strong>(Ecuador)<\/p>\t\t\t\t\t\t\t\t<\/div>\n\t\t\t\t<\/div>\n\t\t\t\t\t<\/div>\n\t\t\t\t<\/div>\n\t\t\t\t<\/div>\n\t\t","protected":false},"excerpt":{"rendered":"<p>Manish Agarwal (India) Rishi Agarwal (India) Vivek Ajit Singh (Malaysia) Humaid Al Farii (Oman) Dimosthenis Andreou (Austria) Andrea Angelini (Italy) Luis Alberto Aponte-Tinao (Argentina) William Aston (United Kingdom) Thomas Baad-Hansen (Denmark) Peter Bekkering (The Netherlands) Ana Cecilia Belzarena (United States) Joseph Benevenia (United States) Nicholas Bernthal (United States) Odion Binitie (United States) Justin E. Bird [&hellip;]<\/p>\n","protected":false},"author":2,"featured_media":0,"parent":0,"menu_order":0,"comment_status":"closed","ping_status":"closed","template":"elementor_header_footer","meta":{"footnotes":""},"class_list":["post-1282","page","type-page","status-publish","hentry"],"aioseo_notices":[],"_links":{"self":[{"href":"https:\/\/isols2026.org\/index.php\/wp-json\/wp\/v2\/pages\/1282","targetHints":{"allow":["GET"]}}],"collection":[{"href":"https:\/\/isols2026.org\/index.php\/wp-json\/wp\/v2\/pages"}],"about":[{"href":"https:\/\/isols2026.org\/index.php\/wp-json\/wp\/v2\/types\/page"}],"author":[{"embeddable":true,"href":"https:\/\/isols2026.org\/index.php\/wp-json\/wp\/v2\/users\/2"}],"replies":[{"embeddable":true,"href":"https:\/\/isols2026.org\/index.php\/wp-json\/wp\/v2\/comments?post=1282"}],"version-history":[{"count":16,"href":"https:\/\/isols2026.org\/index.php\/wp-json\/wp\/v2\/pages\/1282\/revisions"}],"predecessor-version":[{"id":1381,"href":"https:\/\/isols2026.org\/index.php\/wp-json\/wp\/v2\/pages\/1282\/revisions\/1381"}],"wp:attachment":[{"href":"https:\/\/isols2026.org\/index.php\/wp-json\/wp\/v2\/media?parent=1282"}],"curies":[{"name":"wp","href":"https:\/\/api.w.org\/{rel}","templated":true}]}}